). Suppose -10*x - 3*u = -v*x - 237, 0 = -3*x - u + 235. Suppose 4*j = 158 + x. What is the tens digit of j?
5
Suppose -95 = -5*s + 5*a, 12*s - 7*s - 74 = -2*a. Suppose -s*f + 2*f + 8568 = 0. What is the hundreds digit of f?
6
Let y(i) be the third derivative of i**5/20 - 17*i**4/24 - 49*i**3/6 + 2*i**2 - 13. What is the hundreds digit of y(-9)?
3
Let b be (-4)/98*-7 + 38/14. Suppose -3*w + 2583 = b*d, -2*d - w = -3*w - 1714. What is the tens digit of d?
5
What is the ten thousands digit of (-6600)/20*((-354)/9 - -2)?
1
Let k be (5*3/10)/((-6)/(-16)). Suppose -2016 = -3*w - k*w. What is the tens digit of w + 3 + (4 - 9)?
8
Let s(z) = 2*z**2 + 11*z + 14. Let h be s(-6). Let n be h/6*17184/80. Suppose -887 = -13*f + 8*f + u, 0 = -4*f + 4*u + n. What is the tens digit of f?
7
Suppose 131*p = -231*p + 3202601 + 2715013. What is the tens digit of p?
4
Let g = 21 - 8. Suppose 0 = l + g - 17. Suppose -2*b = -5*x - 55, 3*b + 23 = l*b - 4*x. What is the tens digit of b?
3
Let y = -49 + 73. Suppose y*s - 10217 = 223. What is the units digit of s?
5
Let v be (-5)/2*6/(-15). Suppose -4 + v = -q. Suppose 388 = q*k + j, 3*j - j - 2 = 0. What is the hundreds digit of k?
1
Let l(v) = v**3 + 2*v**2 - v. Let h be l(-2). Let m(q) = 0*q + q + 5*q**h - 3*q - 10 - 2*q. What is the tens digit of m(5)?
9
Suppose -5*q + 230*t + 78650 = 235*t, -5*q - 13*t + 78658 = 0. What is the tens digit of q?
2
Let c = -326 + -787. Let q = c - -2767. What is the tens digit of q?
5
Let f = 42057 + -34541. What is the tens digit of f?
1
Let y(x) = 5*x**2 + x - 7. Let a be y(3). Let v = -16 + a. Suppose -5*m = -5*g + v - 205, g = -1. What is the units digit of m?
5
Let k = -168 + 171. Suppose k*w = 1353 + 2205. What is the units digit of w?
6
Suppose -4*p + 11 = -1, -3*w + 75 = 2*p. Suppose 4*k - w = -q, 3*q + 0*k + k - 80 = 0. Let b = q + 40. What is the units digit of b?
7
Let z(p) = p**2 + 7*p - 11. Let q be z(-8). Let o be ((-2)/(-6) - 1) + (-2)/q. What is the units digit of (-129)/9*(-3 + o)?
3
Let h(q) = 2*q**2 - 3*q - 3 + 4*q - 7. Let c(r) = r**3 - 10*r**2 - 24*r - 7. Let u be c(12). What is the units digit of h(u)?
1
Let k(d) = 5*d**3 - 12*d**2 + 26*d - 130. What is the units digit of k(16)?
4
Let t = 1596 - 1172. Suppose 4*f + 257 + 631 = 0. Let k = t + f. What is the tens digit of k?
0
Suppose 5*v - 4*j - 207895 = 0, -v + 3700*j - 3695*j + 41558 = 0. What is the ten thousands digit of v?
4
Suppose 0 = -48*u - 55631 + 168623. What is the hundreds digit of u?
3
What is the tens digit of (-4031 + -182)*(1 + 6/(-3))?
1
Let l = 91810 - 55535. What is the ten thousands digit of l?
3
Suppose 0 = 16*t - 1960 + 6456. Let l = 766 + t. What is the hundreds digit of l?
4
Let y(b) = -2*b**2 + 60*b + 10478. What is the hundreds digit of y(0)?
4
Let r(b) = 9*b**2 + 2*b - 1. Suppose -2*x + 4*s = -26, 11 - 3 = 2*x + 2*s. Suppose 9 = -4*z + x*z. What is the tens digit of r(z)?
8
Suppose -2*p - 3*n = -23, -3*p + 5*n + 5 + 1 = 0. Suppose -1 = 4*x + p, 0 = 2*l - 5*x + 66. Let w = 54 + l. What is the units digit of w?
6
Suppose -21*x + 4*x + 133560 + 133799 = 0. What is the hundreds digit of x?
7
Suppose 5*j = -2*n + 27979, -106*n = 5*j - 110*n - 27967. What is the hundreds digit of j?
5
Suppose x - 43 - 435 = 0. Suppose 3*f = -3*z + f + x, f = 2. What is the tens digit of z?
5
Suppose 0 = -4*w - 5*f + 105374, w - 4*f - 12366 = 14009. What is the ten thousands digit of w?
2
What is the hundreds digit of (75 + -105)*-68*(-38)/(-12)?
4
Suppose 4*h = 2*w - 20, -2*w - 5*h = -2 + 9. Suppose 2*t = 5*v + 599, 443 = 2*t - w*v - 159. What is the units digit of t?
7
Let q = 17496 - -13029. What is the units digit of q?
5
Suppose -14 = -3*f - 5. Suppose -2*w + 3*a = -19, 2*w + f = -2*a - 3. Suppose -114 = -w*r + 52. What is the units digit of r?
3
Suppose 25 = 5*x, 3*d - x = -6*x + 34. Suppose 0*i = -d*i + 5*y + 1013, -y + 1343 = 4*i. What is the tens digit of i?
3
What is the thousands digit of 20/140 + 72554/7?
0
Let g be (-2 - 4)/2 - -111. Suppose -3*l = -9 + g. Let q = 56 - l. What is the units digit of q?
9
Suppose -22*m + 6954 = -28*m. Let p = m + 2119. What is the hundreds digit of p?
9
Suppose -5*x - 19 = 2*m, 21 = 2*m + 2*x - 5*x. Let d = -377 - -568. Suppose -m*y + d - 44 = 0. What is the units digit of y?
9
Suppose -29 = -2*k - 43. Let v(o) = -2*o**3 - 9*o**2 - 11*o - 22. What is the tens digit of v(k)?
0
Let v(l) = 3*l**2 - l + 2 - 1 - l**3 + l**2. Let y(t) = t**2 - t - 24. Let s be y(-4). What is the hundreds digit of v(s)?
1
Let s(v) = 6607*v**2 - 203*v - 202. What is the units digit of s(-1)?
8
Let y(a) = 56*a - 16*a**2 + 66*a**2 - 57*a. What is the tens digit of y(1)?
4
Let g be 18/(-3)*16/(-32). Suppose -g*z = 4*k - 3235, -29*z + 3253 = 4*k - 32*z. What is the hundreds digit of k?
8
Suppose -4*b = 5*u - 37, b + 4*u = 23 - 0. Suppose 0 = -4*x + b*x - 5. What is the tens digit of (x/5)/(3/(-471))?
5
Let r(w) = -17*w + 122. Let o be r(7). Suppose h - 1851 = o*i - 2*i, 5*h - 9243 = i. What is the units digit of h?
8
Suppose 71*s - 78*s - 7 = 0. What is the units digit of ((20/(-4))/15)/(s/321)?
7
Suppose 0 = -4*y + 2*y - 4*o + 6, 2*y - 5*o = 24. Suppose -y*m - 1925 = -12*m. What is the tens digit of m?
8
Let c = 63 + -29. Suppose 31*k + 3 = c*k. What is the units digit of (4/8)/(k/14)?
7
Let m = -5577 - -5557. Suppose 0 = -3*n + 4*p - 98, 0*n + 3*n + 100 = 5*p. Let o = m - n. What is the units digit of o?
0
Let k(i) = i**2 + i - 22. Let u be k(0). Let a = 45 + u. Suppose 0 = 3*z - 94 - a. What is the units digit of z?
9
Suppose -c = -2*t - 1399, -4*c - 29*t + 5544 = -24*t. Suppose 3*x + 691 = -13*l + 15*l, -4*l - 3*x + c = 0. What is the units digit of l?
7
Let r(s) be the second derivative of s**4/4 - 4*s**3/3 - 2*s**2 + 10*s. Let y be r(-5). Suppose 0 = q, q + y = o + 2*q. What is the tens digit of o?
1
Let a = -71 - -78. Let z(y) = -2 + 3*y**2 + a*y**2 + 14*y**2 + 2*y. What is the units digit of z(-2)?
0
Let l(y) = 5*y + 36. Let a be l(-7). Let b be 114*4/(-12)*a. Let i = b + 107. What is the units digit of i?
9
Suppose -11*f + 17*f = 132. What is the tens digit of (-21)/(2/f*-1)?
3
Let m(w) = -w**3 - 3*w**2 + 10*w + 2. Let y be m(-5). Let t(c) = 32*c - 2 + 17 - c**y - 69. What is the hundreds digit of t(22)?
1
Suppose -3*f + 1825 = -1019. Suppose 306 = -6*z + f. What is the tens digit of z - 3*(-2)/6?
0
Let n = 109 - 105. Suppose -s = 5*c - 142, -n*s + 3*c = 7*c - 632. What is the units digit of s?
2
Let s(v) = 177*v - 13. Let i be s(5). What is the hundreds digit of (i/12)/(-3 - (-38)/12)?
4
Let l = -12055 - -23722. What is the ten thousands digit of l?
1
What is the ten thousands digit of 31 + -19 + 122778/9?
1
Suppose -3*q + 174094 = 3*i + 46183, -9*q = -i + 42627. What is the thousands digit of i?
2
What is the hundreds digit of (-10 - 51750/(-72))/(2/24)?
5
Suppose 5592 = -8*i + 15872. Suppose -2*j - 415 = -3*j + 2*o, -3*j = 2*o - i. What is the tens digit of j?
2
Let x be (3 + 2)*3*9/15. Suppose 0 = 12*a - x*a - 660. Let p = a + -85. What is the tens digit of p?
3
Let p = -1235 + 1230. Let l(m) = 6*m - m - 3*m**2 + 9*m**2 + 15. What is the units digit of l(p)?
0
Let k(f) = 157*f**2 - 284*f + 1663. What is the thousands digit of k(6)?
5
Let t(i) = 34*i + 17. Let c(k) = 7*k - 3. Let d be c(1). Let x be t(d). Let s = x + -51. What is the tens digit of s?
0
Let i(k) = 2*k + 13. Let m = 30 + -39. Let v be i(m). Let u(a) = -18*a. What is the tens digit of u(v)?
9
What is the hundreds digit of 6846 + (9 - -1) + -6 + 3?
8
Suppose 27 - 9 = 3*x. Let u(a) = 5*a + 2*a + 2*a - a + 2*a**2. What is the units digit of u(x)?
0
Suppose w + 111 = 96. Let l(n) = n**3 + 17*n**2 + 7*n - 37. Let g be l(w). Suppose -5*f = -2*i - 0*i + 324, -2*i + f = -g. What is the hundreds digit of i?
1
Let a(b) = -5*b**3 - 18*b + 15. Let d(u) = 24*u**3 + 91*u - 76. Let l(o) = -11*a(o) - 2*d(o). What is the tens digit of l(5)?
4
Let d(r) = 8*r + 2. Let v be d(0). Let b be 2/4 - (-3318)/4. Suppose 0*o + o - 181 = -v*s, 5*o = 5*s + b. What is the tens digit of o?
7
Suppose 26*z - 20*z = 1326. Suppose z - 64 = x. What is the units digit of x?
7
What is the tens digit of 70/(-805) + (-2)/((-46)/66173)?
7
Let d(h) = -1498*h - 10860. What is the units digit of d(-10)?
0
Let h(q) = 571*q**3 + 26*q**2 - 79*q - 6. What is the 